 What is the tens digit of u?
5
Suppose -20*i + 34 = -6. Suppose -810 + 120 = -i*s. What is the hundreds digit of s?
3
Let w(p) = -7*p - 14. Let c be w(-8). Let m = 128 - c. What is the tens digit of m?
8
Suppose -25*o = -16*o + 2232. Let h = o - -259. What is the tens digit of h?
1
Let h(k) be the first derivative of -k**2 + 22*k - 22. Let r be h(7). Suppose 4*d + 5*z - 16 = 0, 0 = 2*d + z + 4*z - r. What is the units digit of d?
4
Suppose 1119 + 596 = 5*r. Let t = r + 798. What is the thousands digit of t?
1
Suppose 70 = -m + 75. Suppose w - m*w + 656 = 0. What is the hundreds digit of w?
1
Let c(h) be the second derivative of -h**4/12 + 7*h**3/2 + 45*h**2/2 + 6*h. Let t be 38/(-8)*(-4)/1. What is the units digit of c(t)?
3
Suppose -5*w - 6*w = -55. Suppose -v = 3*g - 316, -3*v = w*g - g - 428. What is the hundreds digit of g?
1
Let v(p) = 44 + 18 - 3*p + 23 - 16. Let a be v(21). Suppose 7*l - 127 = a*l. What is the units digit of l?
7
Let u(z) = z**2 + 8*z + 3. Let j be u(-7). What is the thousands digit of (1155/4*-2)/(2/j)?
1
Let a be (-2 + 2)/(4/2). Suppose a*w = 2*w - 308. What is the tens digit of w?
5
What is the hundreds digit of (1 - (-37624)/(-5))*1245/(-249)?
6
Suppose 39*c - 31*c + 1080 = 0. What is the tens digit of 3/5 + 216/c - -43?
4
What is the thousands digit of -24*((-47)/329)/(3/38087)?
3
Let u = 22829 + 6912. What is the thousands digit of u?
9
Let j(o) be the second derivative of 2*o + 15/2*o**2 + 0 - 1/12*o**4 + 17/6*o**3. What is the units digit of j(16)?
1
Let d(o) = 6*o**3 + 3*o**2 + 5*o + 4. Let f be d(-2). Suppose -s - h - 2*h = -49, 2*h - 246 = -4*s. Let c = s + f. What is the tens digit of c?
2
Suppose 3*b = 5*a + 65 - 510, 0 = 4*a - b - 356. What is the tens digit of a?
8
Let z be -5 + -3*(-5)/(-75)*5. What is the hundreds digit of 557 - (14/z + (-17)/(-51))?
5
Suppose 0 = 5*h - 0*h - 10. Let w(u) = -4*u**2 - 6*u**h - 2*u - u**3 + u + 6. What is the tens digit of w(-10)?
1
Let j(d) = -19*d**3 - 3*d**2 - 5*d - 9. Let z be j(-7). Suppose -5*v + k = -z, -4*k = -7*v + 3*v + 5104. Suppose 0 = p + 15*p - v. What is the units digit of p?
0
Suppose 3*m + 12 = 5*t, 1 = 4*t + 3*m - 14. Suppose 6400 = 5*v + t*v. What is the units digit of v?
0
Suppose 2*x = 1329 + 95. Let o = -228 + x. What is the hundreds digit of o?
4
What is the tens digit of 18 + -22 + (1/2 - (-18551)/2)?
7
Let o = 9719 - 7367. What is the hundreds digit of o?
3
Let v = 124840 + -63443. What is the units digit of v?
7
Let k = 139 - 157. Let d be (2 + 8/(-6))/(k/81). What is the tens digit of ((-184)/d)/1*18/8?
3
Suppose 4*i = -3*x + 29586, -3744 = -2*i - 2*x + 11048. What is the hundreds digit of i?
3
Let g = -46819 - -79193. What is the tens digit of g?
7
Let n be (-11)/(-44) + 297/12. Let d(p) = 9*p + 109. What is the tens digit of d(n)?
3
Let i = 1306 - -241. Let m = -598 + i. What is the hundreds digit of m?
9
Let j(t) = 1995*t - 1413. What is the ten thousands digit of j(14)?
2
Let d be 2/7 + 400/(-28). Let c(m) = 1054*m + 0*m**3 + m**3 + 15*m**2 - 11 - 1048*m. What is the hundreds digit of c(d)?
1
Let a(m) = -7*m - 3 - 35*m + 6 - 5. Let h be a(-1). Let o = h + -6. What is the units digit of o?
4
Let k = -9 - -13. Suppose 3*n - 487 = -k*r + 5*r, 0 = 2*n - 2*r - 318. What is the tens digit of n?
6
Let t(h) = -h**3 + 7*h**2 + 9*h - 5. Let q be t(8). Let a be 2/10 + 1832/40 + 7. Suppose n + a = 3*n - x, 4*n = q*x + 105. What is the tens digit of n?
2
Suppose 3*k - 16*q = -17*q + 16241, -2*k + 10836 = 5*q. What is the tens digit of k?
1
Let d = -501 + 84. Let t = 974 + d. What is the units digit of t?
7
Suppose 8950 = -42*k + 533824. What is the units digit of k?
7
Let d(l) = 79*l - 38. Let v = 70 + -63. What is the units digit of d(v)?
5
Suppose -79 = 5*b - 89. Suppose 39 = 3*j + b*r - 599, -4*j + r = -858. What is the hundreds digit of j?
2
Suppose 0 = -7*d + 4*d + 3366. Let t = d + -668. What is the tens digit of t?
5
Suppose y = -90 - 110. Let w = -620 - -977. Let m = y + w. What is the hundreds digit of m?
1
Suppose -6*m + 7*m - 3 = 0. Suppose 3*b - 3*t = 6, 2*b + m*t + 12 = 3*b. What is the units digit of 192 + (-4 - -3) + b?
8
Suppose 0 = 3*l - 3*z + 5*z - 25924, -l + 8643 = z. What is the units digit of l?
8
Suppose 0 = x - 13*x + 276. Let i = x + 222. What is the hundreds digit of i?
2
Let g(k) = 3*k**2 + 19*k - 8. Let v be g(-7). Suppose -v*r + 9 = -9*r. What is the hundreds digit of -3*4/(-6) - (-243 + r)?
2
Let c = 2669 + -1362. What is the units digit of 42/70 + c/5 + -3?
9
Let s(v) = 2624*v**2 - 37*v - 190. What is the hundreds digit of s(-3)?
5
Let o = 12805 - 703. What is the tens digit of o?
0
Let d(f) = 4487*f**3 - 17*f + 17. What is the tens digit of d(1)?
8
Suppose 3*o - 3*i - 21597 = 0, 3*i - 21603 = 5*o - 8*o. Suppose 7*t = -3*t + o. Suppose t = -p + 9*p. What is the tens digit of p?
9
Let b(d) = 4*d + 8. Let n be b(-1). Suppose -16*t = -3*i - 21*t + 2627, 1750 = 2*i + n*t. What is the tens digit of i?
7
Let l = 1159 + -274. Suppose 11*p - 8*p - l = 0. Let t = p - 180. What is the units digit of t?
5
Suppose -25*k + 28*k = 24. Suppose 0 = -k*o + 264 + 728. Suppose -8*g = -300 - o. What is the tens digit of g?
5
Suppose -60*b = 4*b - 485120. What is the tens digit of b?
8
Let f(p) = p + 1. Let n be f(-1). Suppose -8*l = -3*l - 4*c + 630, 2*l + 3*c + 252 = n. Let s = l + 197. What is the units digit of s?
1
Let h = -87 + 94. Suppose 3*q + h - 19 = 0. Suppose 2*g - 407 = -3*x - 0*x, -2*x + q*g + 298 = 0. What is the hundreds digit of x?
1
Suppose -15*b + 13*b + 4 = 0. Suppose -v + 4 - 2 = -4*d, -d - b*v = -4. Suppose d = 5*p - 764 + 214. What is the hundreds digit of p?
1
Let i be 1/(2*-1*45/(-990)). What is the units digit of -6*((-44825)/15)/i?
0
Suppose -f = -h - 799, -17*h - 5 = -12*h. Suppose r - 110 = 3*m - 599, 5*m = -4*r + f. What is the tens digit of m?
6
Suppose -18*j = -13*j - 40. What is the units digit of 3/(6/j) - -156?
0
Let f(r) = -r**2 + 49*r - 62. Let k be f(13). Suppose d - 508 = 5*n, n + 619 + k = 2*d. What is the units digit of d?
3
Let l(f) = -45*f. Let b(m) = 2*m**3 - 39*m**2 + 53*m + 12. Let t be b(18). What is the tens digit of l(t)?
7
Suppose -20 = -4*j + 392. Suppose 7*u = 10*u + 72. Let r = j - u. What is the hundreds digit of r?
1
Let l(d) = -49*d - 85. Suppose 0 = -18*q - 77 - 49. What is the tens digit of l(q)?
5
Suppose 134*i - 76431 = 126981. What is the tens digit of i?
1
Suppose -38*o + 103777 - 21507 = 0. What is the tens digit of o?
6
Suppose 3*f + t - 55584 = 0, -9 + 3 = -2*t. What is the hundreds digit of f?
5
Let j be (-112)/(-2)*(-7)/(56/(-10)). Let h = j + -66. Suppose h*p - 590 = a + 152, 3*p + 4*a = 547. What is the units digit of p?
5
Let x = -63 + 77. Let y be 7*x - (-12 - -10). What is the tens digit of 1 - -1 - (4 - -1 - y)?
9
Suppose 2*s - 7137 = 1965*j - 1970*j, 4*j - 5718 = -3*s. What is the tens digit of j?
2
Let j be ((-3)/4 - 0)/((-24)/96). Suppose -19 = -g + 4*f + f, -f - j = 0. Suppose 3*c = 4*v + 331, -269 = -g*c - 5*v + 162. What is the units digit of c?
9
Suppose -4*q + 14 = -2*f - 8*q, -5*f = -3*q - 30. Suppose -5*i - f*z + 13 = 0, -z + 1 = 2*i - 4. What is the units digit of 272/12*3/i?
4
Suppose -2*s - 5*q + 15766 = 0, -47320 = -8*s + 2*s - 4*q. What is the thousands digit of s?
7
Suppose 0 = 6*g - 8*z + 9*z - 62622, z - 41750 = -4*g. What is the hundreds digit of g?
4
Let r = -221 - -490. Let o = -143 + r. Suppose -j - 5*y + o = 0, 0*j + 3*y + 468 = 3*j. What is the hundreds digit of j?
1
Suppose -8*d - 260 = -1668. Let c = -43 + d. What is the hundreds digit of c?
1
Let h be (21/4)/(30/160). Let p be (-62)/(-2)*(h - 27). Let i = p - -1. What is the tens digit of i?
3
Let o(t) = 51*t + 1. Let b be o(-6). Let j = b + 572. Suppose -807 = -4*w - j. What is the units digit of w?
5
Let g(b) = 2*b**2 + 8*b - 18. Let z(k) = -k**3 + 8*k**2 + 3*k - 14. Let v be z(8). Let c be (-95)/v + 3/6. What is the tens digit of g(c)?
7
Suppose 14*p - 34*p = -323460. What is the thousands digit of p?
6
What is the tens digit of (612/510)/(3*2/31660)?
3
Suppose 3*b + 9*b + 0*b + 612 = 0. Let t = 80 + 95. Let n = t + b. What is the tens digit of n?
2
Suppose 5*i + 53496 = -f + 235425, 0 = 3*f + 3. What is the tens digit of i?
8
Let q = 19 - 17. Let z be (-1 - (0 - q))/(1/2). Suppose 3*h -